*z + 1. Give k(r).
-11
Suppose -2 = -s - 0. Let z(l) = 0 + 3*l - 3 - s*l**2 + 2. Calculate z(3).
-10
Let r(m) be the first derivative of m**4/4 + m**3/3 + 3*m**2/2 + 2*m + 1. Let k = 41 - 43. What is r(k)?
-8
Let i(d) = d. Let c(g) = 2. Let h(l) = -2*c(l) + 2*i(l). Let y = 20 + -12. Let m(x) = x**2 - 7*x - 3. Let f be m(y). What is h(f)?
6
Let k = 8 + -6. Suppose -4*d + b = 5*b - 32, -19 = -3*d - k*b. Let l(u) be the second derivative of -u**3/6 + u**2/2 - 2*u. Calculate l(d).
-2
Let m(a) = 19*a**2 - 13*a**2 - 5*a - 8*a**2. Give m(-4).
-12
Let b be (4 + -2)*(-1)/2. Let n(x) = -x**2. Let o(z) = -6*z - 3. Let l = -2 + 3. Let j(w) = b*n(w) + l*o(w). What is j(6)?
-3
Suppose -3*m = -4*q + 23, 2*q + q - 31 = 5*m. Let j = -2 - m. Let y(d) be the first derivative of d**3/3 - 3*d**2/2 + d - 2. Give y(j).
1
Let v = -9 - -15. Suppose -3*c + 14 = -h, 3*h - 4*h - c = -v. Let o(d) = d**3 + 2*d - 1. Determine o(h).
2
Let d(l) be the first derivative of -l**5/120 + l**4/8 + 4*l**3/3 + 2. Let y(i) be the third derivative of d(i). Suppose -4*f + 5 = -3. Determine y(f).
1
Let a(j) = j**2 - 3*j - 33. Let z be a(-5). Let c(h) = -h + 1. What is c(z)?
-6
Let y(u) = u**2 - 8*u + 5. Suppose -3*r - 7 = -25. Calculate y(r).
-7
Suppose -20 = 5*g - 0, 4*g = 3*q - 10. Let k(m) = -m + 1. Let z(a) = 2. Let n(u) = -3. Let i(l) = -3*n(l) - 5*z(l). Let j(y) = -6*i(y) - 3*k(y). Calculate j(q).
-3
Let d(r) = -4 + 1 + 1 + 6*r - 5 - r**2. Let q(v) = v + 5. Let c be q(0). Determine d(c).
-2
Let b(o) = -o - 1. Let v(u) be the third derivative of -4*u**2 + 0*u**3 + 0 + 0*u + 1/8*u**4. Let j(n) = -4*b(n) - v(n). Give j(0).
4
Let p(y) be the first derivative of -y**2 + 8*y + 13. What is p(6)?
-4
Let t(b) = b**3 - 2*b**2 - 2*b. Let u be t(2). Let m be 1/(3 - (-8)/u). Let h(l) = 6*l**2 - 2*l + 1. Calculate h(m).
5
Let y(m) = -m**2 + 10*m - 6. Let w be y(9). Let t(b) = -9 + 6 - w - 2*b. Let h be t(-4). Let q(n) = -n**3 + 2*n**2 + 2. Calculate q(h).
2
Let o(a) = a - 2. Let p(t) = 4*t - 9. Suppose -2*y + 8 = 2*y. Let v(x) = y*p(x) - 9*o(x). What is v(-6)?
6
Let n(t) = -t + 6. Let l be 20/(-6)*(-3 + (-6)/(-5)). Calculate n(l).
0
Let k(u) = -u + 2. Let g be k(-5). Let q(l) = -2*l - 4*l**2 + l**3 + 6 + g*l**2 - 4. Give q(-4).
-6
Let r(x) be the second derivative of x**5/20 + x**4/6 - x**3/3 + x. Give r(-3).
-3
Suppose -x - 3*u + 13 = 0, 3 = -3*x + 2*u - 13. Let l(c) = 3*c**3 + 3*c**2 - 1. Determine l(x).
-13
Let m = 2 + -5. Suppose 0 - 2 = 4*w + 5*q, -19 = 5*w - 2*q. Let a(u) = u. Let b(i) = -4*i - 1. Let o(n) = w*a(n) - b(n). What is o(m)?
-2
Let p(w) be the second derivative of -7/2*w**2 - 6*w + 0 + 1/6*w**3. Calculate p(6).
-1
Let i(j) = -j**3 - 5*j + 4*j + 2 - 4*j**2 - 1. Let o(x) = -x**3 + 2. Let c(k) = -k**3 + k**2 - k + 2. Let s(m) = 6*c(m) - 5*o(m). Let g be s(5). Calculate i(g).
-5
Let y be (-3)/((-9)/(-21)) + 3. Suppose 4*u - 18 = 2*t, -2*u - 2*t - 3 = -15. Let d(s) = -3 - s**2 - u*s - s - 2. Calculate d(y).
3
Let h be (-48)/(-30)*(-7 - -2). Let t(f) = f**3 + 7*f**2 - 8*f + 3. Determine t(h).
3
Let y(p) = p**2 + 6*p + 4. Let i = -17 - -11. Determine y(i).
4
Suppose -33 = -5*b - 8. Suppose b*c = 5*n + 5, 1 = 2*c - n - 2*n. Let v(q) = 10*q + c - 11*q - 4. Give v(0).
-2
Let p(d) = 2*d + 3. Let b(u) = -u**2 + u + 5. Suppose 6*f = f. Let s be b(f). Suppose 4*x - n = -4*n, -s*x - 3 = 3*n. What is p(x)?
-3
Let n be (-2)/(-3) - 4/(-12). Let o be 4 + 0 + -2 + n. Let b(z) = 0*z**2 - 2*z**2 + o*z**2 - 3. Calculate b(-3).
6
Let b(o) = -7 - 1 + o + 2*o**2 - o**2 - o**3 + 1. Let g = 0 + 0. What is b(g)?
-7
Let z(u) = 7*u - 8*u**2 + 8 + 14*u**2 + u**2 + u**3. What is z(-6)?
2
Suppose 0 = -5*y - 2*q - 8, -2*y + 3*q + 8 = q. Let a(r) = -r**2 + 3. Calculate a(y).
3
Let u(w) = 4 - 20*w + 21*w - 22. Calculate u(12).
-6
Suppose -2*r = 3*x + 17, 2*r + 4 - 12 = 2*x. Let z(h) = -3*h + 3. Let k(o) = o + 1. Let l(b) = -4*k(b) - z(b). What is l(x)?
-2
Let v(i) be the third derivative of i**6/120 + i**5/12 - i**4/12 - 7*i**3/6 - 2*i**2. Let x(a) = -a + 2. Let z be x(7). What is v(z)?
3
Let i(d) = -3*d**2 - d**3 + 2*d**3 - 2*d**2 + 8*d - 5 - d**2. Let y be i(5). Let o be (-32)/20*y/(-4). Let r(t) = -3*t + 5. Calculate r(o).
-7
Let q(k) be the first derivative of -k**4/4 + k**2 - 15. Determine q(2).
-4
Let s(l) = 2*l + 5. Let n be (-114)/(-24) + (-3)/(-12). Suppose 8*i - n*i = -18. Calculate s(i).
-7
Let j(p) = -p**3 - 4*p**2 - 2*p. Let g(s) = s - 11. Let x be g(12). Let h be x/((2/(-3))/2). Calculate j(h).
-3
Let w(j) = -j**2 + 2. Let a be w(-2). Let t(l) = l**3 + l**2 + l. Let r(h) = 7*h**3 + 6*h**2 + 3*h - 1. Let v(i) = r(i) - 6*t(i). What is v(a)?
-3
Let l = -29 - -21. Let g = l + 6. Let f(o) be the third derivative of -o**6/120 - o**5/30 + o**4/8 + o**3/2 + 5*o**2. Give f(g).
-3
Suppose 0 = 2*k - 15 + 5. Let i(y) = -y**3 + 6*y**2 - 3*y + 6. Calculate i(k).
16
Let k(d) = -3*d + 3. Let j(q) = -3*q + 2. Let r(w) = 5*j(w) - 4*k(w). What is r(2)?
-8
Suppose w = 2*w - 2*t - 5, -3*w = -3*t - 9. Let j(b) be the first derivative of -2*b**2 - b - 6. Calculate j(w).
-5
Let g(u) be the third derivative of -u**7/2520 + u**5/60 + 8*u**2. Let y(h) be the third derivative of g(h). What is y(-2)?
4
Suppose 0*k - 8 = 2*k. Let f(t) be the first derivative of t**4/4 + 4*t**3/3 - t**2 - 4*t + 1. Give f(k).
4
Let q(v) = v**2 - 3*v + 1. Suppose -2*a + 0*a + 6 = 0. Let w be q(a). Let p(r) = 3*r**3 + r**2 + r - 1. Give p(w).
4
Let r(m) = 3*m + 1. Let l(i) = i**2 - 4*i - 11. Let a be l(6). Give r(a).
4
Let p(k) be the second derivative of -k**4/12 - k**3/2 - 5*k**2/2 - 4*k. Give p(-5).
-15
Let d = -4 - -8. Let l(s) = 2*s**2 + 5*s - 6. Let y(h) = -10*h + 13 - 2*h**2 + 3*h**2 - 6*h**2. Let j(r) = 7*l(r) + 3*y(r). Give j(d).
1
Suppose 5*c + 18 = -12. Suppose 6 = 3*h - 8*l + 3*l, -4*l = h - 2. Let k(m) = 5 - 3 - 5*m - 2*m**2 + m**h. Give k(c).
-4
Let j be (-2 - (-10)/4)*-6. Let b = 0 - j. Let o(r) = r**2 - 3*r + 2. Let l(s) = -s**2 + 3*s - 3. Let i(g) = -3*l(g) - 4*o(g). Give i(b).
1
Let f(j) be the first derivative of -j**3/3 - 2*j**2 + 2*j + 29. Suppose o = -4*s - 12, 2*o - 2*s - 6 = -o. Let h be (-6)/(6/4 + o). Give f(h).
2
Let d(z) be the first derivative of -z**6/120 + z**5/20 + z**3/2 + 5*z**2/2 + 2. Let i(q) be the second derivative of d(q). Determine i(3).
3
Let l be 1*(2 + 4/(-2)). Let c(g) = -g**3 + g + 7. What is c(l)?
7
Suppose -2*u - 20 = -6*u. Suppose -3*w + 3 + 16 = -u*j, 5*j + 31 = -3*w. Let r(a) = 0 + 7 + 6*a + a**3 + 2*a**2 + 4*a**2. Calculate r(j).
2
Let k = -7 + 6. Let m(c) = -4*c**3 + 4*c**2 + 7*c + 4. Let d(j) = -j**3 + j + 1. Let y(r) = k*m(r) + 3*d(r). What is y(5)?
4
Let n(j) = -2 + 3*j**2 + j**3 + 1 - 2*j - 3. Let d be n(-3). Let m(c) = c**3 + c**2 - c - 2. Calculate m(d).
8
Let l = -1 + 3. Let a(d) = 0 - 17*d + d**l + 18*d - 1. Calculate a(0).
-1
Let v be 5 - ((-5 - -2) + 2). Suppose 0*b + 3*b = -v. Let j(q) = 2*q**2 + 2*q + 3. Give j(b).
7
Suppose 4*b + 0*b = 4. Let h be (-5)/2*-2*b. Let v(c) = 2 + 2*c - h*c - c**2 - 4. Determine v(-3).
-2
Let g(f) = 2*f**3 - 4*f**2 - 2*f + 1. Let z be g(3). Let q(j) = -j + 14. What is q(z)?
1
Let p(z) = z - 3. Suppose 2*v - 58 = 4*l, l - 2*v + 8 = -2. Let r = l - -22. Let x be (3/r - -2)*2. What is p(x)?
2
Let t(c) = 6*c**2 - 6*c - 4. Let u(r) = -7*r**2 + 7*r + 4. Let b(d) = 6*t(d) + 5*u(d). Give b(3).
2
Suppose -14 + 8 = -3*s. Let z(y) = -y**s + 0*y + 3*y + 2 + 2*y**2 + 2*y. What is z(-2)?
-4
Let v(i) be the second derivative of 11*i**4/12 + i**3/3 - i**2/2 + 41*i. Calculate v(1).
12
Suppose -5*x - 2 + 7 = -5*h, -5*x + 8 = -2*h. Suppose h = -4*m - 15. Let q = m - -4. Let z(j) = j. Calculate z(q).
0
Let a(l) = l**3 + 4*l**2 - 5*l. Suppose -3*y - 3*t + 33 = 0, 3*y - 4 - 21 = -5*t. Suppose 4*w - w + y = 0. What is a(w)?
0
Let j(d) be the second derivative of -d**4/12 + d**3/2 - 3*d**2/2 + 9*d. Give j(4).
-7
Let x(m) be the second derivative of 3*m**5/20 + m**3/3 - m**2/2 + 7*m. Calculate x(1).
4
Let x = -6 + 8. Let i = -4 - x. Let f(y) = -2 - 1 - y + 0. What is f(i)?
3
Let w(z) = z**2 + 7*z + 8. Let f(u) = -u**2 + 6*u - 7. Let k be f(6). Let c(x) = -x**2 - 9*x - 4. Let q be c(k). Let a be 2 - (q - 4/2). What is w(a)?
2
Suppose -4*o - 5*a = -2*a - 28, -4*o = -4*a. Let u = o + 1. Let y(l) = -1. Let s(b) = 3*b - 12. Let w(g) = -s(g) + 5*y(g). Give w(u).
-8
Let s(a) = -a**3 - 